7*t**3 + 17*t**2 + t + 4. Let i(b) = -2*q(b) + 9*v(b). What is the units digit of i(1)?
3
Let o(q) = 7*q**2 + 2*q - 17. What is the tens digit of o(-7)?
1
Let c(a) = 6 + 4*a + 0 - 3*a - a**2. What is the units digit of c(0)?
6
Suppose f - 4 = 3*f. Let d be (-1 - f) + (-3)/3. Let p = 1 - d. What is the units digit of p?
1
Suppose 0 = -2*n - n - 6. Let q = n + 13. What is the tens digit of q?
1
Suppose 0 = -2*l + 4 - 2. Suppose -l = 4*u - 5. What is the units digit of u?
1
Let w(a) = -a**3 + 7*a**2 + a - 7. Let p be w(7). Suppose -5*b + b + 140 = p. What is the units digit of b?
5
Let t be (-1)/2 + (-4)/8. Let j = t + 8. What is the units digit of j?
7
Let p be 1/((-2)/108*-3). Let s = p - 12. What is the units digit of s?
6
Let o(h) = 6 + 0*h**2 + 2*h**2 + h - 3*h**2. Let d be o(0). Suppose -y = y - d. What is the units digit of y?
3
Let p(i) = i**3 - i**2 + i. Let q be p(1). Let m be 2/3*(-2 - q). What is the units digit of -1 - (m/(-2) + -7)?
5
Let w(a) = -2*a**3 + 2*a**2 + 3*a - 3. Let x be w(2). Let v(j) = -j**3 - 5*j**2 - 2*j - 3. Let l be v(x). Suppose -l + 1 = -3*u. What is the units digit of u?
2
Suppose -5*k - 34 = -4*r, -4*k + 5*k - 22 = -4*r. What is the units digit of r?
6
Let n be 4/(-3)*(-12)/8. What is the tens digit of (-142)/(-4) - n/4?
3
Let t(u) = -u**3 + 5*u**2 - 2*u - 5. Let b be t(4). Let k be (46/(-14) + b)*-7. What is the tens digit of 8 - ((-12)/2)/k?
1
Let v(f) be the first derivative of -3*f**2 - 2*f - 3. What is the tens digit of v(-6)?
3
Suppose 4*l + 28 = 4. Let w be -1*4/((-8)/(-6)). Let s = w - l. What is the units digit of s?
3
Suppose 2 = m - 4. Let c(w) = 3*w**2 - 10*w + 9. What is the tens digit of c(m)?
5
Suppose 8 = 4*r + 4*t, -2*r = -2*t + 6*t + 2. Let s(a) = -8*a + 4*a**2 - r - 2*a - 5*a**2. What is the units digit of s(-4)?
9
Suppose 2*y = -4, -4*f - 2*y + 32 = -6*y. What is the units digit of f?
6
Suppose -2*v + 5*o + 29 = -0*o, v - 15 = 2*o. What is the tens digit of v?
1
Suppose 0 = 3*j - 1 - 5. Let z(l) = l + l - l + 2*l**2. What is the tens digit of z(j)?
1
Let b = 56 + -35. What is the tens digit of b?
2
What is the tens digit of (-2)/(-12) + 692/24?
2
Let u be (0/(-1 + 2))/(-2). Suppose -4*n = g, n - 2*n - g - 3 = u. What is the units digit of n?
1
Let q = -43 - -24. Let v = 35 + q. What is the tens digit of v?
1
Let r be ((-2)/1 - -401) + 0. What is the units digit of r/35 + (-4)/10?
1
Suppose -2*d + 0*d = -72. Let u = d + -18. What is the tens digit of u?
1
Suppose 5*f = 15, -p - 2*f - 1 = -5. Let k be (3 + p)*1*2. Let i(r) = 3*r - 2. What is the units digit of i(k)?
4
Let k(g) = 4*g - 1. Suppose 3 + 0 = 3*r. Let d be k(r). Suppose -20 + 2 = -3*b - 2*c, 5*b + d*c - 29 = 0. What is the units digit of b?
4
Suppose 45 = 5*i + 5*t, 3*i - t - 23 = -0*t. Suppose 0*w + i = w. What is the units digit of w?
8
Let h(d) = -d**2 - 5*d + 7. Suppose 0 = -7*l + 3*l + 16. Suppose 1 = -w - l. What is the units digit of h(w)?
7
Suppose -2*v + 38 = -24. What is the units digit of v?
1
Let v = -93 - -131. Let t = v + 7. What is the tens digit of t?
4
Suppose 0 = z, p - 3*z + 1 = -2. Let f be (p + 2)*(1 - -2). What is the units digit of (-3 + (-2 - f))/(-2)?
1
Let t = -7 - -51. Suppose 5*z = 46 + t. What is the units digit of z?
8
Let s = -162 + 238. Let r = s - 42. What is the units digit of r?
4
Suppose -w = -7 + 2. Suppose 0 = 2*o + w*x + 2, -3*o - 3*x = 2*x - 2. What is the units digit of o?
4
Let s(g) = 12*g**3 + 3*g**2 + 3*g - 8. What is the units digit of s(2)?
6
Suppose -2 = -4*v + 2*q, -6 = 3*v + q - 4*q. Let m(y) = -v*y + 2 + 0*y - y - 2*y**2 + 3*y**2. What is the units digit of m(4)?
2
Suppose r - 26 = 2*o, 2*o + 40 = 2*r + 4*o. What is the units digit of r?
2
Let x(a) = 18*a**2 - 3*a - 7. What is the units digit of x(-3)?
4
Suppose -3*m = 33 + 102. Let y = -29 - m. What is the tens digit of y?
1
Suppose x = 4*x. Suppose -2 = w + 3*d, 5*d + x - 2 = -3*w. Suppose -2*u + 14 = j - u, w*j = 2*u + 50. What is the tens digit of j?
1
Let l = 5 - 4. Let g be (6 - (-1 - -1))/l. Suppose -g*k + k + 2*v + 55 = 0, -4*k - 2*v = -44. What is the units digit of k?
1
Let f(k) = -k**3 - 3*k**2 + k - 4. Let o be 66/(-9)*3/(-1). Suppose 0 = 5*b + o - 2. What is the units digit of f(b)?
8
Let g = 48 - 28. Suppose -g - 70 = -5*f - v, -72 = -4*f + 2*v. Let u = f + -11. What is the units digit of u?
7
Let r = -23 + 41. Suppose -4*s - 5*n = -29, -n = 3*s + 2*n - r. What is the units digit of s - 0/2 - 0?
1
Let o(n) = -n**3 - 9*n**2 + n + 12. Let p = -28 - -19. Let l be o(p). Suppose -l*r + 6*r - 18 = 0. What is the units digit of r?
6
Let u be -3*(1/(-3) - 1). Suppose -t - r + 8 = -2*r, -u*t + 44 = 2*r. What is the tens digit of t?
1
Suppose q - 4*d = d + 25, 5*d = -3*q - 5. Let g(x) = x**3 - 7*x**2 + 5*x - 7. Let a(s) = s**2. Let o(b) = -a(b) - g(b). What is the units digit of o(q)?
7
Let k(x) = x**2 + 7*x. Let c be 6/10 + 76/(-10). Let w be k(c). Suppose -5*t + 35 = -w. What is the units digit of t?
7
What is the tens digit of (8 + 102/(-15))/(2/510)?
0
Suppose -2*t + 9 + 1 = 0. Let v = t + -1. What is the units digit of v?
4
Let t = 1 + -1. Let j(p) = -p - 1. Let r be j(-5). Suppose -8*h + k = -4*h - 16, -3*h - r*k + 12 = t. What is the units digit of h?
4
Let d(z) = z**2 - 6*z - 4. Let o be d(5). What is the units digit of 2*(0 + o/(-2))?
9
Suppose -3*f + f - 4 = -3*q, -2*f - 2*q - 24 = 0. Let r be (1 + -1)/(f/4). Let s(l) = -l + 3. What is the units digit of s(r)?
3
Let b(r) = -107*r + 13. Let y be b(-7). What is the units digit of (-4)/(-6) - y/(-18)?
3
Let l be -8 + 0/(-3 - 1). Let n(f) = f**2 + 7*f. What is the units digit of n(l)?
8
Let c(u) = -u**2 - 5*u - 2. Let s be c(-4). Suppose -d = -s - 3. What is the units digit of d?
5
Let k = 5 + -4. Let x = 2 + k. Suppose -3*c - 3 + 36 = -3*q, c + q - x = 0. What is the units digit of c?
7
Suppose k - 43 = -4*d + 210, -4*d - 3*k + 263 = 0. What is the units digit of d?
2
Let r(x) be the first derivative of x**2/2 - x + 2. Let c be r(9). Let u = 1 + c. What is the units digit of u?
9
Suppose i - 5*j + 3 = 0, 4*i - j + 0 = 7. Suppose 0 = u + 4*s - 2*s - 26, i*s = 2*u - 58. What is the tens digit of u?
2
Suppose 0*k - 316 = -4*k. What is the tens digit of k?
7
Let x = 337 - 208. What is the tens digit of x?
2
Let i be 0 - 2 - (-10)/2. Suppose 0 = -2*k + l + l + 26, -i*k + l + 29 = 0. What is the units digit of (-2)/4 - (-68)/k?
8
Let w(p) = p**3 + 11*p**2 + 7*p + 4. What is the units digit of w(-10)?
4
What is the units digit of (-3 + (-12)/(-3))*11?
1
Suppose -3*o - 15 = 2*o. What is the tens digit of (-14)/((-2 - -4) + o)?
1
Let d = 35 - -101. Let x be d/14 + (-2)/(-7). Let o(w) = w + 5. What is the units digit of o(x)?
5
Let r = -9 - -6. What is the units digit of ((-2)/(r + 1))/1?
1
Let h(r) be the third derivative of -r**6/120 + 7*r**5/60 + r**4/6 - r**3/3 - r**2. Let n be h(7). Let p = n - 16. What is the units digit of p?
0
Let p = 19 - -55. What is the tens digit of p?
7
Let z be 1/3 + (-5)/(-3). What is the units digit of 6 + (z - -1) + 2?
1
Let q(f) = -1. Let m(b) = 5*b + 2. Let i(w) = -m(w) - 6*q(w). Let x be i(-6). Suppose d - 5*d - 2*p + x = 0, 3*d - 33 = -3*p. What is the units digit of d?
6
Suppose 106 = 4*g - 70. What is the units digit of g?
4
Suppose 2 = -3*g + 4*g. Suppose -g*d - 13 = -35. What is the tens digit of d?
1
Let i be (0 - 3)/(-3) + 30. Let c = i - 16. What is the units digit of c?
5
Suppose 28 = -4*l - 24. Let c be ((-4)/6)/(2/(-66)). Let s = c + l. What is the units digit of s?
9
Let z(k) = 5*k. Let b = 1 + 2. What is the tens digit of z(b)?
1
Let v be (3 - 5) + 3 + -21. Let g = 44 + v. What is the units digit of g?
4
Let w(v) = v**2 + v - 2. Let c be w(-2). Suppose -4*x - 16 = 0, -4*t + x = t - 14. Suppose 0 = -2*i - c*i + t. What is the units digit of i?
1
Suppose -b = b - 12. What is the units digit of (3/b)/((-3)/(-18))?
3
Suppose 5*j - 108 = 172. What is the units digit of j?
6
Let i(v) be the first derivative of v**3/3 + 7*v**2/2 + 10*v + 3. What is the tens digit of i(-7)?
1
Suppose 4*a - 60 = -0*a. Let i(j) = 4*j**2 + j - 1. Let y be i(1). Suppose p = y*p - a. What is the units digit of p?
5
Suppose -3*d + 3 + 9 = 0. Let r be 2/d + 1/2. Let a = r - -2. What is the units digit of a?
3
Let m(d) = -d**2 + 16*d - 1. What is the units digit